e thousands digit of 87926?
7
What is the ten thousands digit of 116453?
1
What is the millions digit of 1172530?
1
What is the hundred thousands digit of 6379596?
3
What is the thousands digit of 16294116?
4
What is the units digit of 107328?
8
What is the units digit of 1180884?
4
What is the hundred thousands digit of 362653?
3
What is the hundred thousands digit of 12532270?
5
What is the millions digit of 3223951?
3
What is the ten thousands digit of 16779231?
7
What is the hundred thousands digit of 184614?
1
What is the units digit of 8321642?
2
What is the hundred thousands digit of 15300110?
3
What is the millions digit of 3911638?
3
What is the tens digit of 177387?
8
What is the hundred thousands digit of 2940705?
9
What is the thousands digit of 18768021?
8
What is the hundreds digit of 3347590?
5
What is the hundred thousands digit of 1769164?
7
What is the ten thousands digit of 438182?
3
What is the ten thousands digit of 18230407?
3
What is the tens digit of 16790132?
3
What is the thousands digit of 5282948?
2
What is the hundred thousands digit of 2484349?
4
What is the hundred thousands digit of 3957852?
9
What is the tens digit of 5123864?
6
What is the tens digit of 47293?
9
What is the hundred thousands digit of 11053272?
0
What is the tens digit of 1405654?
5
What is the units digit of 5912?
2
What is the millions digit of 2629890?
2
What is the hundred thousands digit of 174323?
1
What is the hundred thousands digit of 1319794?
3
What is the tens digit of 5859659?
5
What is the units digit of 26254909?
9
What is the thousands digit of 95767?
5
What is the units digit of 550871?
1
What is the millions digit of 2343769?
2
What is the ten thousands digit of 14746602?
4
What is the tens digit of 9990758?
5
What is the units digit of 2772966?
6
What is the units digit of 97776?
6
What is the hundreds digit of 1143971?
9
What is the tens digit of 1531301?
0
What is the hundred thousands digit of 352762?
3
What is the hundreds digit of 85327?
3
What is the thousands digit of 1859312?
9
What is the hundreds digit of 899687?
6
What is the millions digit of 2517044?
2
What is the tens digit of 449364?
6
What is the ten thousands digit of 23728?
2
What is the millions digit of 24755149?
4
What is the hundreds digit of 10709064?
0
What is the millions digit of 10222041?
0
What is the ten thousands digit of 29783960?
8
What is the thousands digit of 2124557?
4
What is the ten thousands digit of 10016594?
1
What is the ten thousands digit of 1274592?
7
What is the tens digit of 1779170?
7
What is the ten thousands digit of 1053813?
5
What is the units digit of 745807?
7
What is the units digit of 224404?
4
What is the tens digit of 7154909?
0
What is the hundred thousands digit of 2055258?
0
What is the hundreds digit of 190239?
2
What is the hundred thousands digit of 4635479?
6
What is the hundreds digit of 2848993?
9
What is the millions digit of 18981567?
8
What is the hundreds digit of 232884?
8
What is the thousands digit of 176127?
6
What is the ten thousands digit of 2323185?
2
What is the tens digit of 323544?
4
What is the tens digit of 6630567?
6
What is the ten thousands digit of 437607?
3
What is the ten thousands digit of 3479298?
7
What is the ten thousands digit of 338131?
3
What is the tens digit of 2455846?
4
What is the thousands digit of 3369541?
9
What is the tens digit of 991461?
6
What is the ten thousands digit of 228474?
2
What is the ten thousands digit of 3802481?
0
What is the units digit of 65697?
7
What is the hundreds digit of 3078644?
6
What is the tens digit of 2977701?
0
What is the thousands digit of 1079452?
9
What is the hundred thousands digit of 544139?
5
What is the tens digit of 334779?
7
What is the units digit of 4975061?
1
What is the millions digit of 9055557?
9
What is the ten thousands digit of 268631?
6
What is the hundred thousands digit of 463764?
4
What is the ten thousands digit of 28029042?
2
What is the hundreds digit of 1916483?
4
What is the units digit of 1604596?
6
What is the units digit of 101020?
0
What is the ten thousands digit of 1355494?
5
What is the hundred thousands digit of 141074?
1
What is the ten thousands digit of 21604370?
0
What is the ten thousands digit of 884081?
8
What is the tens digit of 308403?
0
What is the units digit of 455511?
1
What is the thousands digit of 332136?
2
What is the units digit of 10704918?
8
What is the tens digit of 558708?
0
What is the ten thousands digit of 305080?
0
What is the hundred thousands digit of 176331?
1
What is the millions digit of 25523777?
5
What is the hundreds digit of 1213432?
4
What is the units digit of 2084079?
9
What is the tens digit of 81206?
0
What is the units digit of 495519?
9
What is the hundreds digit of 1621947?
9
What is the units digit of 1858439?
9
What is the thousands digit of 12637434?
7
What is the thousands digit of 209575?
9
What is the ten thousands digit of 4441603?
4
What is the hundred thousands digit of 6678376?
6
What is the ten thousands digit of 263147?
6
What is the hundreds digit of 2490281?
2
What is the hundreds digit of 660591?
5
What is the hundreds digit of 178042?
0
What is the millions digit of 5389532?
5
What is the units digit of 252541?
1
What is the tens digit of 7652721?
2
What is the hundred thousands digit of 725919?
7
What is the units digit of 2918907?
7
What is the ten thousands digit of 3428842?
2
What is the thousands digit of 96093?
6
What is the thousands digit of 572270?
2
What is the tens digit of 2279679?
7
What is the hundred thousands digit of 12700960?
7
What is the thousands digit of 240593?
0
What is the hundreds digit of 398019?
0
What is the tens digit of 737588?
8
What is the tens digit of 1509195?
9
What is the hundreds digit of 58914?
9
What is the tens digit of 147961?
6
What is the tens digit of 183742?
4
What is the hundreds digit of 1024605?
6
What is the units digit of 794231?
1
What is the hundreds digit of 678221?
2
What is the tens digit of 3387692?
9
What is the hundred thousands digit of 818804?
8
What is the millions digit of 2116709?
2
What is the millions digit of 7558834?
7
What is the hundreds digit of 693971?
9
What is the thousands digit of 256309?
6
What is the tens digit of 274019?
1
What is the units digit of 14081484?
4
What is the ten thousands digit of 193709?
9
What is the units digit of 628960?
0
What is the ten millions digit of 18598122?
1
What is the ten millions digit of 27267871?
2
What is the thousands digit of 92685?
2
What is the ten thousands digit of 241741?
4
What is the millions digit of 1107691?
1
What is the tens digit of 9268892?
9
What is the ten thousands digit of 21433?
2
What is the units digit of 79901?
1
What is the ten thousands digit of 890657?
9
What is the thousands digit of 1871861?
1
What is the hundred thousands digit of 1772302?
7
What is the millions digit of 16253981?
6
What is the thousands digit of 537911?
7
What is the units digit of 787042?
2
What is the tens digit of 3531079?
7
What is the hundred thousands digit of 3022947?
0
What is the hundreds digit of 1215069?
0
What is the hundreds digit of 162106?
1
What is the tens digit of 380707?
0
What is the units digit of 173382?
2
What is the units digit of 9401350?
0
What is the tens digit of 8334199?
9
What is the ten thousands digit of 392697?
9
What is the ten thousands digit of 285133?
8
What is the tens digit of 61174?
7
What is the ten thousands digit of 160897?
6
What is the ten thousands digit of 465215?
6
What is the ten thousands digit of 27125029?
2
What is the hundred thousands digit of 584955?
5
What is the hundreds digit of 2529245?
2
What is the tens digit of 5360440?
4
What is the ten thousands digit of 17313983?
1
What is the thousands digit of 1091204?
1
What is the hundreds digit of 1538823?
8
What is the ten thousands digit of 380639?
8
What is the units digit of 95053?
3
What is the hundred thousands digit of 10926241?
9
What is the tens digit of 307604?
0
What is the ten thousands digit of 280448?
8
What is the units digit of 21132?
2
What is the ten thousands digit of 2316640?
1
What is the hundreds digit of 507210?
2
What is the ten thousands digit of 3131711?
3
What is the millions digit of 6566628?
6
What is 